. Suppose 4*i = 2*k + 342, i + 2*i = 4*k + 254. What is the remainder when i is divided by y(-2)?
28
Suppose 0 = -9*z + z + 72. Suppose 12*l - z = 9*l. Suppose l*f + 416 = 11*f. What is the remainder when 206 is divided by f?
50
Let o be 4/(-10)*(-10)/(-2). Let b = -80684 - -80698. Calculate the remainder when (-50)/((-2)/(o + 4)) is divided by b.
8
Suppose 0*t = -2*t - 6, -4*t = -5*f - 48. Let j = 2 + f. Let z(u) = u + 18. Calculate the remainder when z(j) is divided by 6.
2
What is the remainder when 1896 is divided by (74 - -412) + (-14)/1?
8
Let l = -7518 + 7767. Calculate the remainder when l is divided by 49.
4
Let k(p) = -p**3 + 7*p**2 + 43*p + 7. Let i be k(-4). Suppose 7 = -d + 3*j, -d = -2*j - 9 + i. Calculate the remainder when 174 is divided by d.
6
Let q = -19 + 24. Suppose u = q*u. Suppose u = w - 30 - 98. What is the remainder when w is divided by 26?
24
Suppose -167*s + 187*s = 780. What is the remainder when s is divided by 30?
9
Let d(g) = 6 + 24*g + 7*g**2 + 2*g**2 - 10*g**2 - 3 + 9. What is the remainder when 38 is divided by d(24)?
2
Suppose -164*z + 166*z - 109 = 3*g, -g + 315 = 5*z. Calculate the remainder when 733 is divided by z.
51
Let k = 13833 - 13701. Calculate the remainder when 25606 is divided by k.
130
Let v be (3 - -9)/(-4*3/16). Let f = v - -31. What is the remainder when (11 - 5)/((-6)/(-104)) is divided by f?
14
Let t = -559 - -591. Suppose -52 = -2*a - 4*m, 4*a - t = 3*m + 39. What is the remainder when a is divided by 6?
2
Let b(i) = i**2 - 19*i + 2. Let v be b(19). Suppose -4 + v = -s. Suppose 2*d - 4*t = 38, -23 - 5 = -2*d + s*t. What is the remainder when 34 is divided by d?
7
Let a(x) = 6*x**2 - 38*x - 37. What is the remainder when a(18) is divided by 25?
23
Suppose -280 = -5*l - y, -4*l + 272 - 48 = -3*y. What is the remainder when 598 is divided by l?
38
What is the remainder when 24/(-4) + 1169/(-2 + 9) is divided by ((-41)/2)/(4/(-8))?
38
Suppose 58*c = 64*c - 900. Suppose 2*s - g = 84, s = -4*g + 33 + 27. Calculate the remainder when c is divided by s.
18
Suppose 5*r - 40 = 20. Let s be (-9 + r)/((-6)/8). Calculate the remainder when 30 is divided by ((-14)/(-7))/(s/(-34)).
13
Let s(p) = 4*p**2 + p + 1. Let q(b) = -b**3 - 6*b**2 + 6*b + 5. What is the remainder when s(5) is divided by q(-7)?
10
Let l = 21 - 18. Suppose z = -0*z - l*z. Suppose z = -2*b + 5*r + 16, 3*b - 2*r = -23 + 69. Calculate the remainder when 53 is divided by b.
17
Suppose -5*x + 25*x = -4*x + 264. What is the remainder when 61 is divided by x?
6
Suppose -4*a + 3*i = -67, 3*i - 2 - 7 = 0. Suppose 264 = -a*l + 21*l. What is the remainder when 27 is divided by 8/12*l/8?
5
Suppose 3*l - 4 = -4*a + 18, 3*l + 6 = 3*a. What is the remainder when 4/(-3 + 98/30) is divided by l?
1
Suppose 7*z - 4*z - 580 = -4*j, 4*j + 172 = z. Suppose 15*u - 1433 = -z. Calculate the remainder when u is divided by 12.
11
Let g(l) = -49*l + 350. Calculate the remainder when 132 is divided by g(7).
6
What is the remainder when 329 is divided by 8060/279 + 190/90 + (-1 - 1)?
10
Suppose 17640 = 78*y + 27*y. Calculate the remainder when 168 is divided by y.
0
Let v(d) be the first derivative of d**2/2 + 39*d + 7. What is the remainder when 373 is divided by v(-18)?
16
Let i(f) = -f**3 - 7*f**2 + 4*f - 1. Let z be i(-8). Suppose 0*v = -v - z. Let m = v + 34. What is the remainder when 7 is divided by m?
1
Let w = 81 + 75. Calculate the remainder when 343 is divided by w.
31
Let d be 1 - (-15 + (-24)/(-6)). Suppose -115 = -d*q + 7*q. What is the remainder when q is divided by 18?
5
Let r = -9 + 17. Suppose -11*d + 45 = -32. Suppose -5*b + 18 = -3*y - d, -20 = -4*b + 5*y. What is the remainder when r is divided by b?
3
Let z be ((-284)/(-12) - 8) + 2/6. Suppose 2*s - 20 = z. What is the remainder when ((-1)/2)/((-2)/352) is divided by s?
16
Let j = 4551 - 4539. Let i = -6 + -4. Let w(h) = -h**2 - 11*h - 2. Calculate the remainder when j is divided by w(i).
4
Calculate the remainder when 319*(525/55 - 9) is divided by 14.
6
Suppose -3*w + 31 = y, -24*y = -26*y + 2. What is the remainder when 96/(-9)*(-3)/2*w is divided by 28?
20
Suppose 1499*d - 1571*d + 3744 = 0. What is the remainder when 720 is divided by d?
44
Suppose -32*x = -24*x - 1328. Let z = 1480 + -1439. What is the remainder when x is divided by z?
2
Let w = 4287 + -4219. Let i = -5 + 1. Calculate the remainder when w is divided by (-1 + 24)/(i - -5).
22
Suppose -9*q + 319 = -8*q. Suppose 14*o - 56 - 91 = -7*o. Calculate the remainder when q is divided by o.
4
Let w(c) = -c + 23. Let v be w(14). Suppose -31 - v = 4*y. Let f(o) = o**3 + 10*o**2 - o - 7. Calculate the remainder when 3 is divided by f(y).
0
Let g(o) = o**3 - 2*o**2 + o + 2. Let w be 4/((-6)/(2*-39)). Suppose 9*d - w = 7*d. What is the remainder when d is divided by g(3)?
12
Let o(z) = -166*z - 44. Let u(l) = -15*l - 4. Let w(r) = 6*o(r) - 68*u(r). Let v be w(4). Let g = v + -58. Calculate the remainder when g is divided by 17.
12
Suppose 2*o + o = 27. What is the remainder when 341 + (302/19 - 62/(-589)) is divided by o?
6
Let k be -89 - (-2 + (-6)/(-1)). Let f = 151 + k. Calculate the remainder when 115 is divided by f.
57
What is the remainder when (-2779 + 17)*3/(6/(-1)) is divided by 63?
58
Suppose -211 = 4*d + g, -3*g + 54 = -d - 2*g. Let a = d - -57. Suppose -3*m = 4*o - 9*o - 11, -2*o + a = 0. What is the remainder when 46 is divided by m?
4
Let g = 110 + -77. Let z = g - -11. Let j(i) = i**3 - i**2 - 2. What is the remainder when z is divided by j(3)?
12
Suppose -5*h = -5*i + 440, -i - 2*h = -0*i - 79. Let u = -38 + i. Let m = -1927 + 2020. What is the remainder when m is divided by u?
46
Let r = 111 + -79. Let o = r - 54. Calculate the remainder when 29 is divided by (-3)/4*o*(-12)/(-18).
7
Suppose -939*t - 11680 = -979*t. Calculate the remainder when t is divided by 107.
78
Let w be ((-18)/4)/(10/(-140)). Suppose 3*t + x = 88, -4*t + 2*t - 5*x = -w. Calculate the remainder when 98 is divided by t.
11
Suppose -3*m = -5*h - 422, h = -m + 4*m - 430. What is the remainder when (m/(-20))/(2*(-1)/10) is divided by 35/(-70)*80/(-2)?
16
Let h(k) = -11*k + 113. Let p = -626 - -634. Calculate the remainder when 774 is divided by h(p).
24
Suppose -4*u + 5*l = -831 + 150, u - l = 171. What is the remainder when 645 is divided by u?
123
Let s(p) = 2*p + 34. Let r(t) = -5*t - 103. Let z be -4*4/(-24)*(-27)/6. Let q(h) = z*r(h) - 8*s(h). Calculate the remainder when q(6) is divided by 8.
7
Suppose 4 = -7*v + 25. Let g = 10 - v. Suppose 0 = -3*q - g*q + 150. What is the remainder when 27 is divided by q?
12
Let w(b) = -b**2 + 2*b + 26. Let o be w(6). Suppose -o*i + 129 = -37. Calculate the remainder when i is divided by 14.
13
Calculate the remainder when 99*(-15)/(-9) - 54/9 is divided by 32.
31
Let r = 12 + 20. Let x = 37 - r. What is the remainder when 95 is divided by (1 + -2)*(-19 - x)?
23
Suppose 4*d = -t + 116 + 280, 0 = -5*t - 5*d + 1890. What is the remainder when t is divided by 84?
36
Let j = -13020 - -17814. Calculate the remainder when j is divided by 41.
38
Suppose 85 = 4*b - v, 0 = -3*b + 2*v - 52 + 112. Let q(g) = -11 - 3*g + 0*g**3 + 3*g**3 - 2*g**3 + 4 + 5*g**2. What is the remainder when b is divided by q(-5)?
6
Let c(f) = f**3 + 5*f**2 - 45*f - 16. Let q(j) = j. Let w be q(-8). Calculate the remainder when c(w) is divided by 51.
50
Suppose 2*w + 24 = w. Let v(c) = -16*c + 12. Let g be v(3). What is the remainder when w/g*(327/2)/1 is divided by 28?
25
Let i = -116 - -136. What is the remainder when 51 + -5*(-16)/i is divided by 30?
25
Let f(o) = -4*o**2 - 14*o - 82. Let l be f(-6). Let c = l + 151. Calculate the remainder when 23 is divided by c.
5
Suppose 2*i - 44 = 4. Suppose -28*w + 32 = -i*w. What is the remainder when 30 is divided by w?
6
Let m(i) = -6*i**3 + 7*i**2 - 17*i - 95. What is the remainder when m(-6) is divided by 120?
115
Suppose 4*k - 355 = -4*r + 3*r, -5*k - 1420 = -4*r. Let v = -291 + r. What is the remainder when v is divided by 11?
9
Suppose 9*y = 14*y - 4*w - 3684, 2939 = 4*y + 5*w. Suppose 4*s + 0 - y = -5*t, s - 171 = 2*t. Calculate the remainder when s is divided by (1 + -4)*30/(-2).
44
Let v = 35217 - 30409. What is the remainder when v is divided by 12?
8
Let u = 7489 - 7475. Let j = -2